 2
-100110101010000
Convert -46455 (base 10) to base 15.
-db70
4531 (base 7) to base 5
23024
Convert -11365 (base 9) to base 12.
-4488
What is 71ab (base 13) in base 12?
90b5
-10010010000010 (base 2) to base 6
-111134
-42555 (base 8) to base 16
-456d
What is 140124 (base 6) in base 10?
13012
Convert -1241 (base 5) to base 14.
-100
Convert b6 (base 12) to base 6.
350
-49510 (base 10) to base 15
-ea0a
Convert -279 (base 16) to base 3.
-212110
What is -23845 (base 9) in base 10?
-15998
1010110001110001 (base 2) to base 12
21669
4f16 (base 16) to base 5
1121441
What is 300121 (base 4) in base 10?
3097
Convert -4345 (base 7) to base 10.
-1552
What is 5a99 (base 13) in base 10?
12801
-2590 (base 10) to base 12
-15ba
Convert 1624 (base 12) to base 14.
d52
Convert -20122222 (base 3) to base 4.
-1023323
391a (base 11) to base 5
130403
1861 (base 9) to base 8
2630
-4751 (base 10) to base 8
-11217
What is b27 (base 13) in base 7?
5342
Convert 11010012 (base 3) to base 5.
44002
Convert -308 (base 12) to base 5.
-3230
-111001011 (base 2) to base 7
-1224
Convert -200121 (base 3) to base 16.
-1f6
Convert c69d (base 15) to base 13.
16168
What is -1866 (base 14) in base 7?
-15556
-12032 (base 4) to base 16
-18e
Convert -1136 (base 13) to base 8.
-4553
-64676 (base 8) to base 2
-110100110111110
-35c (base 14) to base 16
-29e
31513 (base 6) to base 16
10c5
Convert 223 (base 7) to base 15.
7a
What is -37275 (base 9) in base 11?
-17882
-756 (base 8) to base 13
-2c0
What is 2492 (base 16) in base 6?
111202
-7365 (base 10) to base 2
-1110011000101
Convert -1000101011001 (base 2) to base 10.
-4441
Convert 2210 (base 3) to base 5.
300
What is -133003 (base 5) in base 4?
-1110002
What is 167317 (base 8) in base 2?
1110111011001111
-227 (base 16) to base 14
-2b5
Convert -1101 (base 14) to base 16.
-b7d
What is -2446 (base 8) in base 16?
-526
Convert -2896 (base 10) to base 3.
-10222021
What is 55160 (base 7) in base 4?
3113303
1502 (base 15) to base 10
4502
Convert 4227 (base 13) to base 11.
6977
Convert 15071 (base 8) to base 7.
25400
132 (base 16) to base 9
370
Convert -1640 (base 9) to base 16.
-4e3
What is 11303 (base 5) in base 13?
4b9
247 (base 11) to base 6
1205
3544 (base 9) to base 6
20104
What is -5062 (base 10) in base 8?
-11706
Convert b4 (base 16) to base 9.
220
Convert 32 (base 13) to base 6.
105
-14167 (base 11) to base 13
-9239
What is -670 (base 11) in base 7?
-2225
1104 (base 10) to base 12
780
Convert 0 (base 10) to base 4.
0
-1a3a (base 13) to base 12
-2340
Convert -33b5 (base 14) to base 11.
-6823
-1234214 (base 5) to base 8
-57365
Convert 22345 (base 7) to base 10.
5668
What is 4611 (base 8) in base 2?
100110001001
Convert c119 (base 14) to base 6.
413243
3021402 (base 5) to base 2
1011110011100000
What is 48a (base 13) in base 14?
406
What is -152 (base 10) in base 9?
-178
Convert -2112121121 (base 3) to base 9.
-75547
-13021 (base 4) to base 11
-386
Convert 356 (base 9) to base 3.
101220
6699 (base 10) to base 13
3084
-23 (base 11) to base 14
-1b
Convert 1312 (base 9) to base 6.
4315
-22c0 (base 14) to base 12
-3600
What is 236633 (base 7) in base 16?
a8b9
What is 121320 (base 4) in base 14?
864
What is -20122112 (base 3) in base 7?
-20063
Convert -2312 (base 7) to base 4.
-31022
-15941 (base 10) to base 16
-3e45
Convert -300130 (base 4) to base 16.
-c1c
What is a3c (base 14) in base 3?
2202121
-537 (base 14) to base 8
-2005
198 (base 11) to base 8
344
Convert -6d85 (base 15) to base 10.
-23300
-13176 (base 11) to base 2
-100100110010110
-560 (base 11) to base 12
-47b
-1e93 (base 15) to base 3
-100010210
What is 68c2 (base 13) in base 4?
3211210
What is 1132 (base 7) in base 16?
19f
-54433 (base 9) to base 11
-25116
Convert 154 (base 11) to base 2.
10110100
79c0 (base 13) to base 15
50c1
112251 (base 6) to base 14
3703
What is 7828 (base 9) in base 4?
1122101
Convert -1000111111 (base 2) to base 4.
-20333
Convert -33240 (base 9) to base 16.
-5634
What is 500 (base 9) in base 5?
3110
Convert 2369 (base 10) to base 11.
1864
What is -133000 (base 8) in base 13?
-18290
13334 (base 5) to base 9
1445
What is 421 (base 6) in base 8?
235
What is 179c (base 13) in base 10?
3509
Convert -38a7 (base 12) to base 9.
-8771
Convert -11201 (base 4) to base 14.
-1b3
-33122 (base 6) to base 5
-121321
Convert 2010 (base 8) to base 9.
1366
899e (base 16) to base 4
20212132
Convert -1325 (base 6) to base 11.
-290
Convert -2435 (base 7) to base 8.
-1614
-10000011111 (base 2) to base 3
-1110002
Convert 10020000 (base 3) to base 12.
1439
What is -10745 (base 10) in base 3?
-112201222
Convert 5400 (base 9) to base 15.
1299
Convert 1769 (base 11) to base 7.
6366
Convert 272 (base 11) to base 12.
229
What is 398a (base 14) in base 12?
5a32
Convert -10000112 (base 3) to base 16.
-899
Convert -341024 (base 5) to base 16.
-2eee
What is -14ba (base 16) in base 15?
-188b
44a2 (base 14) to base 9
17284
1121120 (base 3) to base 13
6c6
244242 (base 5) to base 16
246a
-3010203 (base 4) to base 5
-400304
Convert 1442 (base 13) to base 9.
4012
What is 1d7 (base 14) in base 2?
110000001
What is 70412 (base 9) in base 11?
31837
886 (base 15) to base 7
5421
-cf7 (base 16) to base 13
-1684
-1022203 (base 4) to base 3
-20112201
What is -483 (base 9) in base 6?
-1503
Convert -11010111100 (base 2) to base 16.
-6bc
Convert 1010101100 (base 2) to base 5.
10214
148a (base 15) to base 7
15562
-1012233 (base 4) to base 12
-2753
Convert -31c (base 13) to base 8.
-1024
-1ae (base 16) to base 4
-12232
-209 (base 14) to base 4
-12101
Convert -101111111100 (base 2) to base 6.
-22112
-113a (base 13) to base 7
-10020
-1322 (base 7) to base 3
-200202
94a6 (base 12) to base 4
3331332
612 (base 9) to base 11
412
Convert -1001010010 (base 2) to base 6.
-2430
What is 33200 (base 4) in base 13?
5b4
Convert -1301323 (base 4) to base 5.
-213131
Convert 640 (base 7) to base 12.
22a
Convert 381 (base 10) to base 9.
463
What is 832 (base 9) in base 14?
365
Convert -326 (base 11) to base 5.
-3031
-4604 (base 7) to base 15
-765
What is 22 (base 12) in base 4?
122
-1131 (base 7) to base 9
-510
Convert 165075 (base 8) to base 4.
32220331
Convert -7565 (base 9) to base 7.
-22142
72232 (base 8) to base 13
10782
Convert 5531 (base 6) to base 10.
1279
Convert 300320 (base 5) to base 9.
13871
-1713 (base 10) to base 2
-11010110001
What is 1d0d (base 14) in base 15?
188a
Convert -16a (base 12) to base 13.
-145
What is -135414 (base 6) in base 11?
-9766
What is 2011210 (base 3) in base 11?
1213
-404134 (base 5) to base 6
-140220
Convert -299b (base 12) to base 7.
-20126
-2753 (base 11) to base 5
-103232
What is 123444 (base 6) in base 9?
16311
What is -12241 (base 5) in base 16?
-3b2
Convert -1be8 (base 15) to base 9.
-8282
-5402 (base 7) to base 15
-878
-20200130 (base 4) to base 3
-1202210112
What is -6060 (base 8) in base 16?
-c30
311120 (base 4) to base 11
2626
Convert -96 (base 14) to base 15.
-8c
Convert 6c7 (base 13) to base 3.
1121121
-121021 (base 3) to base 15
-1e4
Convert -63 (base 15) to base 3.
-10110
Convert -3329 (base 14) to base 9.
-13131
Convert -233010 (base 4) to base 8.
-5704
Convert 111220 (base 3) to base 10.
375
Convert -1885 (base 11) to base 6.
-15024
4200 (base 5) to base 15
26a
Convert 45564 (base 7) to base 10.
11610
Convert -104b (base 16) to base 12.
-24b7
What is -4854 (base 12) in base 7?
-32461
What is -43443 (base 6) in base 7?
-23334
What is 2242041 (base 5) in base 6?
510235
-2552 (base 10) to base 7
-10304
6684 (base 13) to base 14
52da
-1011000011001111 (base 2) to base 8
-130317
Convert 385 (base 11) to base 4.
13020
What is -1b41c (base 14) in base 13?
-25793
What is 1220 (base 4) in base 10?
104
Convert -2131001 (base 4) to base 10.
-10049
-9b9 (base 15) to base 3
-10000110
What is -31051 (base 8) in base 13?
-5aca
Convert 123 (base 9) to base 11.
93
3b (base 14) to base 9
58
Convert -110101212 (base 4) to base 7.
-464055
Convert 18433 (base 9) to base 15.
3b9c
What is -5210 (base 6) in base 12?
-806
4de9 (base 15) to base 9
24743
What is -10c9 (base 16) in base 4?
-1003021
What is 64250 (base 9) in base 7?
234606
What is -416 (base 7) in base 10?
-209
Convert -145c4 (base 15) to base 5.
-4043214
Convert -238 (base 15) to base 14.
-27d
69d (base 14) to base 9
1721
What is 62202